{"id":224,"date":"2012-06-25T18:21:37","date_gmt":"2012-06-25T18:21:37","guid":{"rendered":"http:\/\/arboleschaparritos.org\/bitacora\/?page_id=224"},"modified":"2012-06-25T18:21:37","modified_gmt":"2012-06-25T18:21:37","slug":"contacto-3","status":"publish","type":"page","link":"http:\/\/www.arboleschaparritos.org\/bitacora\/contacto-3\/","title":{"rendered":"Contacto"},"content":{"rendered":"<p>Me encantar\u00eda saber tus opiniones y comentarios sobre este sitio. Me dar\u00eda mucho gusto entablar comunicaci\u00f3n contigo.<\/p>\n<p>[contact-form-7 id=&#8221;165&#8243; title=&#8221;Contact form 1&#8243;]<\/p>\n<p>Tijuana, Baja California. M\u00e9xico<\/p>\n","protected":false},"excerpt":{"rendered":"<p>Me encantar\u00eda saber tus opiniones y comentarios sobre este sitio. Me dar\u00eda mucho gusto entablar comunicaci\u00f3n contigo. [contact-form-7 id=&#8221;165&#8243; title=&#8221;Contact form 1&#8243;] Tijuana, Baja California. M\u00e9xico<\/p>\n","protected":false},"author":1,"featured_media":0,"parent":0,"menu_order":0,"comment_status":"open","ping_status":"open","template":"","meta":{"footnotes":""},"class_list":["post-224","page","type-page","status-publish","hentry"],"_links":{"self":[{"href":"http:\/\/www.arboleschaparritos.org\/bitacora\/wp-json\/wp\/v2\/pages\/224","targetHints":{"allow":["GET"]}}],"collection":[{"href":"http:\/\/www.arboleschaparritos.org\/bitacora\/wp-json\/wp\/v2\/pages"}],"about":[{"href":"http:\/\/www.arboleschaparritos.org\/bitacora\/wp-json\/wp\/v2\/types\/page"}],"author":[{"embeddable":true,"href":"http:\/\/www.arboleschaparritos.org\/bitacora\/wp-json\/wp\/v2\/users\/1"}],"replies":[{"embeddable":true,"href":"http:\/\/www.arboleschaparritos.org\/bitacora\/wp-json\/wp\/v2\/comments?post=224"}],"version-history":[{"count":0,"href":"http:\/\/www.arboleschaparritos.org\/bitacora\/wp-json\/wp\/v2\/pages\/224\/revisions"}],"wp:attachment":[{"href":"http:\/\/www.arboleschaparritos.org\/bitacora\/wp-json\/wp\/v2\/media?parent=224"}],"curies":[{"name":"wp","href":"https:\/\/api.w.org\/{rel}","templated":true}]}}